{"id":15742,"date":"2023-07-12T12:30:17","date_gmt":"2023-07-12T10:30:17","guid":{"rendered":"http:\/\/w2.doneztebe.eus\/udalbatza\/"},"modified":"2024-02-09T12:58:08","modified_gmt":"2024-02-09T11:58:08","slug":"udalbatza","status":"publish","type":"page","link":"http:\/\/www.doneztebe.eus\/eu\/udala\/udal-antolaketa\/udalbatza\/","title":{"rendered":"Udalbatza"},"content":{"rendered":"<table border=\"1\" summary=\"Descripci\u00f3n del nombre, cargo y Partido Pol\u00edtico de los componentes de la Corporaci\u00f3n Municipal\">\n<thead>\n<tr>\n<th>Kargua<\/th>\n<th>Izena<\/th>\n<th>Alderdi politikoa<\/th>\n<\/tr>\n<\/thead>\n<tbody>\n<tr>\n<td>Alkate anderea<\/td>\n<td>M\u00aa. Arantzazu Arregui Alberro<\/td>\n<td><acronym title=\"Eusko Alkartasuna\">EH BILDU<\/acronym><\/td>\n<\/tr>\n<tr>\n<td>Zinegotzia<\/td>\n<td>Juan Telletxea Urroz. Lehen Alkateordea<\/td>\n<td>EH BILDU<\/td>\n<\/tr>\n<tr>\n<td>Zinegotzia<\/td>\n<td>Maider Ilarregui Belarra. Bigarren Alkateordea<\/td>\n<td>EH BILDU<\/td>\n<\/tr>\n<tr>\n<td>Zinegotzia<\/td>\n<td>Fernando Gallego Galindo<\/td>\n<td>EH BILDU<\/td>\n<\/tr>\n<tr>\n<td>Zinegotzia<\/td>\n<td>Iasone Fresneda Echeverria<\/td>\n<td>EH BILDU<\/td>\n<\/tr>\n<tr>\n<td>Zinegotzia<\/td>\n<td>Santiago Belarra Tellechea<\/td>\n<td>EH BILDU<\/td>\n<\/tr>\n<tr>\n<td>Zinegotzia<\/td>\n<td>Nerea Zazpe Bra\u00f1a<\/td>\n<td>EH BILDU<\/td>\n<\/tr>\n<tr>\n<td>Zinegotzia<\/td>\n<td>Aritz Meoqui Echeveste<\/td>\n<td>EH BILDU<\/td>\n<\/tr>\n<tr>\n<td>Zinegotzia<\/td>\n<td><\/td>\n<td>UPN<\/td>\n<\/tr>\n<tr>\n<td>Idazkaria<\/td>\n<td>Elvira S\u00e1ez de J\u00e1uregui Urdanoz<\/td>\n<td><\/td>\n<\/tr>\n<\/tbody>\n<\/table>\n<p>&nbsp;<\/p>\n","protected":false},"excerpt":{"rendered":"<p>Kargua Izena Alderdi politikoa Alkate anderea M\u00aa. Arantzazu Arregui Alberro EH BILDU Zinegotzia Juan Telletxea Urroz. Lehen Alkateordea EH BILDU Zinegotzia Maider Ilarregui Belarra. Bigarren Alkateordea EH BILDU Zinegotzia Fernando Gallego Galindo EH BILDU Zinegotzia Iasone Fresneda Echeverria EH BILDU Zinegotzia Santiago Belarra Tellechea EH BILDU Zinegotzia Nerea Zazpe Bra\u00f1a EH BILDU Zinegotzia Aritz Meoqui [&hellip;]<\/p>\n","protected":false},"author":1,"featured_media":0,"parent":15740,"menu_order":10,"comment_status":"closed","ping_status":"closed","template":"","meta":{"_exactmetrics_skip_tracking":false,"_exactmetrics_sitenote_active":false,"_exactmetrics_sitenote_note":"","_exactmetrics_sitenote_category":0,"footnotes":""},"class_list":["post-15742","page","type-page","status-publish","hentry"],"yoast_head":"<!-- This site is optimized with the Yoast SEO plugin v24.1 - https:\/\/yoast.com\/wordpress\/plugins\/seo\/ -->\r\n<title>Udalbatza - Doneztebeko udala<\/title>\r\n<meta name=\"robots\" content=\"index, follow, max-snippet:-1, max-image-preview:large, max-video-preview:-1\" \/>\r\n<link rel=\"canonical\" href=\"http:\/\/www.doneztebe.eus\/eu\/udala\/udal-antolaketa\/udalbatza\/\" \/>\r\n<meta property=\"og:locale\" content=\"eu_ES\" \/>\r\n<meta property=\"og:type\" content=\"article\" \/>\r\n<meta property=\"og:title\" content=\"Udalbatza - Doneztebeko udala\" \/>\r\n<meta property=\"og:description\" content=\"Kargua Izena Alderdi politikoa Alkate anderea M\u00aa. Arantzazu Arregui Alberro EH BILDU Zinegotzia Juan Telletxea Urroz. Lehen Alkateordea EH BILDU Zinegotzia Maider Ilarregui Belarra. Bigarren Alkateordea EH BILDU Zinegotzia Fernando Gallego Galindo EH BILDU Zinegotzia Iasone Fresneda Echeverria EH BILDU Zinegotzia Santiago Belarra Tellechea EH BILDU Zinegotzia Nerea Zazpe Bra\u00f1a EH BILDU Zinegotzia Aritz Meoqui [&hellip;]\" \/>\r\n<meta property=\"og:url\" content=\"http:\/\/www.doneztebe.eus\/eu\/udala\/udal-antolaketa\/udalbatza\/\" \/>\r\n<meta property=\"og:site_name\" content=\"Doneztebeko udala\" \/>\r\n<meta property=\"article:modified_time\" content=\"2024-02-09T11:58:08+00:00\" \/>\r\n<meta name=\"twitter:card\" content=\"summary_large_image\" \/>\r\n<meta name=\"twitter:label1\" content=\"Est. reading time\" \/>\n\t<meta name=\"twitter:data1\" content=\"1 minute\" \/>\r\n<script type=\"application\/ld+json\" class=\"yoast-schema-graph\">{\"@context\":\"https:\/\/schema.org\",\"@graph\":[{\"@type\":\"WebPage\",\"@id\":\"http:\/\/www.doneztebe.eus\/eu\/udala\/udal-antolaketa\/udalbatza\/\",\"url\":\"http:\/\/www.doneztebe.eus\/eu\/udala\/udal-antolaketa\/udalbatza\/\",\"name\":\"Udalbatza - Doneztebeko udala\",\"isPartOf\":{\"@id\":\"http:\/\/www.doneztebe.eus\/#website\"},\"datePublished\":\"2023-07-12T10:30:17+00:00\",\"dateModified\":\"2024-02-09T11:58:08+00:00\",\"breadcrumb\":{\"@id\":\"http:\/\/www.doneztebe.eus\/eu\/udala\/udal-antolaketa\/udalbatza\/#breadcrumb\"},\"inLanguage\":\"eu-ES\",\"potentialAction\":[{\"@type\":\"ReadAction\",\"target\":[\"http:\/\/www.doneztebe.eus\/eu\/udala\/udal-antolaketa\/udalbatza\/\"]}]},{\"@type\":\"BreadcrumbList\",\"@id\":\"http:\/\/www.doneztebe.eus\/eu\/udala\/udal-antolaketa\/udalbatza\/#breadcrumb\",\"itemListElement\":[{\"@type\":\"ListItem\",\"position\":1,\"name\":\"Portada\",\"item\":\"http:\/\/www.doneztebe.eus\/\"},{\"@type\":\"ListItem\",\"position\":2,\"name\":\"Udala\",\"item\":\"http:\/\/www.doneztebe.eus\/eu\/udala\/\"},{\"@type\":\"ListItem\",\"position\":3,\"name\":\"Udal Antolaketa\",\"item\":\"http:\/\/www.doneztebe.eus\/eu\/udala\/udal-antolaketa\/\"},{\"@type\":\"ListItem\",\"position\":4,\"name\":\"Udalbatza\"}]},{\"@type\":\"WebSite\",\"@id\":\"http:\/\/www.doneztebe.eus\/#website\",\"url\":\"http:\/\/www.doneztebe.eus\/\",\"name\":\"Doneztebeko udala\",\"description\":\"Web oficial del ayuntamiento de Doneztebe\",\"potentialAction\":[{\"@type\":\"SearchAction\",\"target\":{\"@type\":\"EntryPoint\",\"urlTemplate\":\"http:\/\/www.doneztebe.eus\/?s={search_term_string}\"},\"query-input\":{\"@type\":\"PropertyValueSpecification\",\"valueRequired\":true,\"valueName\":\"search_term_string\"}}],\"inLanguage\":\"eu-ES\"}]}<\/script>\r\n<!-- \/ Yoast SEO plugin. -->","yoast_head_json":{"title":"Udalbatza - Doneztebeko udala","robots":{"index":"index","follow":"follow","max-snippet":"max-snippet:-1","max-image-preview":"max-image-preview:large","max-video-preview":"max-video-preview:-1"},"canonical":"http:\/\/www.doneztebe.eus\/eu\/udala\/udal-antolaketa\/udalbatza\/","og_locale":"eu_ES","og_type":"article","og_title":"Udalbatza - Doneztebeko udala","og_description":"Kargua Izena Alderdi politikoa Alkate anderea M\u00aa. Arantzazu Arregui Alberro EH BILDU Zinegotzia Juan Telletxea Urroz. Lehen Alkateordea EH BILDU Zinegotzia Maider Ilarregui Belarra. Bigarren Alkateordea EH BILDU Zinegotzia Fernando Gallego Galindo EH BILDU Zinegotzia Iasone Fresneda Echeverria EH BILDU Zinegotzia Santiago Belarra Tellechea EH BILDU Zinegotzia Nerea Zazpe Bra\u00f1a EH BILDU Zinegotzia Aritz Meoqui [&hellip;]","og_url":"http:\/\/www.doneztebe.eus\/eu\/udala\/udal-antolaketa\/udalbatza\/","og_site_name":"Doneztebeko udala","article_modified_time":"2024-02-09T11:58:08+00:00","twitter_card":"summary_large_image","twitter_misc":{"Est. reading time":"1 minute"},"schema":{"@context":"https:\/\/schema.org","@graph":[{"@type":"WebPage","@id":"http:\/\/www.doneztebe.eus\/eu\/udala\/udal-antolaketa\/udalbatza\/","url":"http:\/\/www.doneztebe.eus\/eu\/udala\/udal-antolaketa\/udalbatza\/","name":"Udalbatza - Doneztebeko udala","isPartOf":{"@id":"http:\/\/www.doneztebe.eus\/#website"},"datePublished":"2023-07-12T10:30:17+00:00","dateModified":"2024-02-09T11:58:08+00:00","breadcrumb":{"@id":"http:\/\/www.doneztebe.eus\/eu\/udala\/udal-antolaketa\/udalbatza\/#breadcrumb"},"inLanguage":"eu-ES","potentialAction":[{"@type":"ReadAction","target":["http:\/\/www.doneztebe.eus\/eu\/udala\/udal-antolaketa\/udalbatza\/"]}]},{"@type":"BreadcrumbList","@id":"http:\/\/www.doneztebe.eus\/eu\/udala\/udal-antolaketa\/udalbatza\/#breadcrumb","itemListElement":[{"@type":"ListItem","position":1,"name":"Portada","item":"http:\/\/www.doneztebe.eus\/"},{"@type":"ListItem","position":2,"name":"Udala","item":"http:\/\/www.doneztebe.eus\/eu\/udala\/"},{"@type":"ListItem","position":3,"name":"Udal Antolaketa","item":"http:\/\/www.doneztebe.eus\/eu\/udala\/udal-antolaketa\/"},{"@type":"ListItem","position":4,"name":"Udalbatza"}]},{"@type":"WebSite","@id":"http:\/\/www.doneztebe.eus\/#website","url":"http:\/\/www.doneztebe.eus\/","name":"Doneztebeko udala","description":"Web oficial del ayuntamiento de Doneztebe","potentialAction":[{"@type":"SearchAction","target":{"@type":"EntryPoint","urlTemplate":"http:\/\/www.doneztebe.eus\/?s={search_term_string}"},"query-input":{"@type":"PropertyValueSpecification","valueRequired":true,"valueName":"search_term_string"}}],"inLanguage":"eu-ES"}]}},"_links":{"self":[{"href":"http:\/\/www.doneztebe.eus\/eu\/wp-json\/wp\/v2\/pages\/15742","targetHints":{"allow":["GET"]}}],"collection":[{"href":"http:\/\/www.doneztebe.eus\/eu\/wp-json\/wp\/v2\/pages"}],"about":[{"href":"http:\/\/www.doneztebe.eus\/eu\/wp-json\/wp\/v2\/types\/page"}],"author":[{"embeddable":true,"href":"http:\/\/www.doneztebe.eus\/eu\/wp-json\/wp\/v2\/users\/1"}],"replies":[{"embeddable":true,"href":"http:\/\/www.doneztebe.eus\/eu\/wp-json\/wp\/v2\/comments?post=15742"}],"version-history":[{"count":5,"href":"http:\/\/www.doneztebe.eus\/eu\/wp-json\/wp\/v2\/pages\/15742\/revisions"}],"predecessor-version":[{"id":18177,"href":"http:\/\/www.doneztebe.eus\/eu\/wp-json\/wp\/v2\/pages\/15742\/revisions\/18177"}],"up":[{"embeddable":true,"href":"http:\/\/www.doneztebe.eus\/eu\/wp-json\/wp\/v2\/pages\/15740"}],"wp:attachment":[{"href":"http:\/\/www.doneztebe.eus\/eu\/wp-json\/wp\/v2\/media?parent=15742"}],"curies":[{"name":"wp","href":"https:\/\/api.w.org\/{rel}","templated":true}]}}

<table border="1" summary="Descripción del nombre, cargo y Partido Político de los componentes de la Corporación Municipal">
<thead>
<tr>
<th>Kargua</th>
<th>Izena</th>
<th>Alderdi politikoa</th>
</tr>
</thead>
<tbody>
<tr>
<td>Alkate anderea</td>
<td>Mª. Arantzazu Arregui Alberro</td>
<td><acronym title="Eusko Alkartasuna">EH BILDU</acronym></td>
</tr>
<tr>
<td>Zinegotzia</td>
<td>Juan Telletxea Urroz. Lehen Alkateordea</td>
<td>EH BILDU</td>
</tr>
<tr>
<td>Zinegotzia</td>
<td>Maider Ilarregui Belarra. Bigarren Alkateordea</td>
<td>EH BILDU</td>
</tr>
<tr>
<td>Zinegotzia</td>
<td>Fernando Gallego Galindo</td>
<td>EH BILDU</td>
</tr>
<tr>
<td>Zinegotzia</td>
<td>Iasone Fresneda Echeverria</td>
<td>EH BILDU</td>
</tr>
<tr>
<td>Zinegotzia</td>
<td>Santiago Belarra Tellechea</td>
<td>EH BILDU</td>
</tr>
<tr>
<td>Zinegotzia</td>
<td>Nerea Zazpe Braña</td>
<td>EH BILDU</td>
</tr>
<tr>
<td>Zinegotzia</td>
<td>Aritz Meoqui Echeveste</td>
<td>EH BILDU</td>
</tr>
<tr>
<td>Zinegotzia</td>
<td></td>
<td>UPN</td>
</tr>
<tr>
<td>Idazkaria</td>
<td>Elvira Sáez de Jáuregui Urdanoz</td>
<td></td>
</tr>
</tbody>
</table>
<p>&nbsp;</p>

<p>Kargua Izena Alderdi politikoa Alkate anderea Mª. Arantzazu Arregui Alberro EH BILDU Zinegotzia Juan Telletxea Urroz. Lehen Alkateordea EH BILDU Zinegotzia Maider Ilarregui Belarra. Bigarren Alkateordea EH BILDU Zinegotzia Fernando Gallego Galindo EH BILDU Zinegotzia Iasone Fresneda Echeverria EH BILDU Zinegotzia Santiago Belarra Tellechea EH BILDU Zinegotzia Nerea Zazpe Braña EH BILDU Zinegotzia Aritz Meoqui [&hellip;]</p>

<!-- This site is optimized with the Yoast SEO plugin v24.1 - https://yoast.com/wordpress/plugins/seo/ -->
<title>Udalbatza - Doneztebeko udala</title>
<meta name="robots" content="index, follow, max-snippet:-1, max-image-preview:large, max-video-preview:-1" />
<link rel="canonical" href="http://www.doneztebe.eus/eu/udala/udal-antolaketa/udalbatza/" />
<meta property="og:locale" content="eu_ES" />
<meta property="og:type" content="article" />
<meta property="og:title" content="Udalbatza - Doneztebeko udala" />
<meta property="og:description" content="Kargua Izena Alderdi politikoa Alkate anderea Mª. Arantzazu Arregui Alberro EH BILDU Zinegotzia Juan Telletxea Urroz. Lehen Alkateordea EH BILDU Zinegotzia Maider Ilarregui Belarra. Bigarren Alkateordea EH BILDU Zinegotzia Fernando Gallego Galindo EH BILDU Zinegotzia Iasone Fresneda Echeverria EH BILDU Zinegotzia Santiago Belarra Tellechea EH BILDU Zinegotzia Nerea Zazpe Braña EH BILDU Zinegotzia Aritz Meoqui [&hellip;]" />
<meta property="og:url" content="http://www.doneztebe.eus/eu/udala/udal-antolaketa/udalbatza/" />
<meta property="og:site_name" content="Doneztebeko udala" />
<meta property="article:modified_time" content="2024-02-09T11:58:08+00:00" />
<meta name="twitter:card" content="summary_large_image" />
<meta name="twitter:label1" content="Est. reading time" />
	<meta name="twitter:data1" content="1 minute" />
<script type="application/ld+json" class="yoast-schema-graph">{"@context":"https://schema.org","@graph":[{"@type":"WebPage","@id":"http://www.doneztebe.eus/eu/udala/udal-antolaketa/udalbatza/","url":"http://www.doneztebe.eus/eu/udala/udal-antolaketa/udalbatza/","name":"Udalbatza - Doneztebeko udala","isPartOf":{"@id":"http://www.doneztebe.eus/#website"},"datePublished":"2023-07-12T10:30:17+00:00","dateModified":"2024-02-09T11:58:08+00:00","breadcrumb":{"@id":"http://www.doneztebe.eus/eu/udala/udal-antolaketa/udalbatza/#breadcrumb"},"inLanguage":"eu-ES","potentialAction":[{"@type":"ReadAction","target":["http://www.doneztebe.eus/eu/udala/udal-antolaketa/udalbatza/"]}]},{"@type":"BreadcrumbList","@id":"http://www.doneztebe.eus/eu/udala/udal-antolaketa/udalbatza/#breadcrumb","itemListElement":[{"@type":"ListItem","position":1,"name":"Portada","item":"http://www.doneztebe.eus/"},{"@type":"ListItem","position":2,"name":"Udala","item":"http://www.doneztebe.eus/eu/udala/"},{"@type":"ListItem","position":3,"name":"Udal Antolaketa","item":"http://www.doneztebe.eus/eu/udala/udal-antolaketa/"},{"@type":"ListItem","position":4,"name":"Udalbatza"}]},{"@type":"WebSite","@id":"http://www.doneztebe.eus/#website","url":"http://www.doneztebe.eus/","name":"Doneztebeko udala","description":"Web oficial del ayuntamiento de Doneztebe","potentialAction":[{"@type":"SearchAction","target":{"@type":"EntryPoint","urlTemplate":"http://www.doneztebe.eus/?s={search_term_string}"},"query-input":{"@type":"PropertyValueSpecification","valueRequired":true,"valueName":"search_term_string"}}],"inLanguage":"eu-ES"}]}</script>
<!-- / Yoast SEO plugin. -->

Kargua Izena Alderdi politikoa Alkate anderea Mª. Arantzazu Arregui Alberro EH BILDU Zinegotzia Juan Telletxea Urroz. Lehen Alkateordea EH BILDU Zinegotzia Maider Ilarregui Belarra. Bigarren Alkateordea EH BILDU Zinegotzia Fernando Gallego Galindo EH BILDU Zinegotzia Iasone Fresneda Echeverria EH BILDU Zinegotzia Santiago Belarra Tellechea EH BILDU Zinegotzia Nerea Zazpe Braña EH BILDU Zinegotzia Aritz Meoqui [&hellip;]
